{"id":287,"date":"2025-02-24T16:01:27","date_gmt":"2025-02-24T16:01:27","guid":{"rendered":"https:\/\/katitaipalmaa.fi\/?page_id=287"},"modified":"2025-10-04T15:49:27","modified_gmt":"2025-10-04T15:49:27","slug":"kuvitus-visuaalinen-suunnittelu-ja-taide","status":"publish","type":"page","link":"https:\/\/katitaipalmaa.fi\/index.php\/kuvitus-visuaalinen-suunnittelu-ja-taide\/","title":{"rendered":"Kuvittaminen, visuaalinen suunnittelu ja taide"},"content":{"rendered":"\n<p>K\u00e4ytt\u00f6liittym\u00e4suunnittelun lis\u00e4ksi muu graafinen ty\u00f6 on monipuolista. Kuten esimerkiksi kuvittaminen, printtisuunnittelu ja tuotesuunnittelu. Olen suunnitellut kuvituksia ja printtej\u00e4 niin julisteisiin, kortteihin, v\u00e4rityskirjoihin, mainosmateriaaliin, vaatteisiin kuin my\u00f6s esimerkiksi joulukalenteriin. N\u00e4iden lis\u00e4ksi rakastan tehd\u00e4 taidetta, niin digitaalisesti kuin perinteisemm\u00e4ll\u00e4 tavalla<\/p>\n\n\n\n<p><\/p>\n\n\n\n<p><strong>Taiden\u00e4yttelyit\u00e4:<\/strong><\/p>\n\n\n\n<ul class=\"wp-block-list\">\n<li>Sankarittaret<strong>,<\/strong> <em>30.6.2024 \u2013 31.7.2024<\/em>, Poppies, Helsinki<\/li>\n\n\n\n<li>Naisen kasvot, <em>2.2. 2022 \u2013 21.2.2022, <\/em>Oulunkyl\u00e4n kirjasto, Helsinki<\/li>\n<\/ul>\n\n\n\n<p><\/p>\n\n\n\n<p><strong>Muotoilun AMK ja muotoilun YAMK lis\u00e4ksi olen k\u00e4ynyt mm. seuraavia taidekursseja:<\/strong><\/p>\n\n\n\n<ul class=\"wp-block-list\">\n<li>Kokeileva taide, Helsingin ty\u00f6v\u00e4enopisto, 2020<\/li>\n\n\n\n<li>Grafiitti- ja muraalitaide, Mimmit peinttaa, 2019<\/li>\n\n\n\n<li>Vapaa ikonimaalaus, Helsingin ty\u00f6v\u00e4enopisto, 2019<\/li>\n\n\n\n<li>Digitaalinen taide, avoin Aaltoyliopisto, 2017<\/li>\n\n\n\n<li>Muotikuvittaminen, Helsingin ty\u00f6v\u00e4enopisto, 2016<\/li>\n\n\n\n<li>Kerronnallinen valokuvaus, Helsingin ty\u00f6v\u00e4enopisto, 2016<\/li>\n\n\n\n<li>Maskeeraaja, HeadHouse, 2012<\/li>\n\n\n\n<li>Visuaalinen viestint\u00e4, Turun avoin AMK, 2011<\/li>\n\n\n\n<li>El\u00e4v\u00e4malli, Turun ty\u00f6v\u00e4enopisto 2010<\/li>\n\n\n\n<li>Sarjakuvataide, Turun ty\u00f6v\u00e4enopisto 2010<\/li>\n<\/ul>\n\n\n\n<p><\/p>\n\n\n\n<p><strong>Alla esimerkkej\u00e4 t\u00f6ist\u00e4ni:<\/strong><\/p>\n\n\n\n<div class=\"wp-block-columns is-layout-flex wp-container-core-columns-is-layout-28f84493 wp-block-columns-is-layout-flex\">\n<div class=\"wp-block-column is-layout-flow wp-block-column-is-layout-flow\"><\/div>\n<\/div>\n\n\n\n<hr class=\"wp-block-separator has-alpha-channel-opacity\"\/>\n\n\n\n<div class=\"wp-block-columns is-layout-flex wp-container-core-columns-is-layout-28f84493 wp-block-columns-is-layout-flex\">\n<div class=\"wp-block-column is-layout-flow wp-block-column-is-layout-flow\"><\/div>\n<\/div>\n\n\n\n<h3 class=\"wp-block-heading\"><mark style=\"background-color:rgba(0, 0, 0, 0)\" class=\"has-inline-color has-primary-color\">V\u00e4rityskirja<\/mark><\/h3>\n\n\n\n<figure class=\"wp-block-gallery has-nested-images columns-default is-cropped wp-block-gallery-1 is-layout-flex wp-block-gallery-is-layout-flex\">\n<figure class=\"wp-block-image size-large\"><img loading=\"lazy\" decoding=\"async\" width=\"315\" height=\"459\" data-id=\"381\" src=\"https:\/\/katitaipalmaa.fi\/wp-content\/uploads\/2025\/03\/7.jpg\" alt=\"\" class=\"wp-image-381\" srcset=\"https:\/\/katitaipalmaa.fi\/wp-content\/uploads\/2025\/03\/7.jpg 315w, https:\/\/katitaipalmaa.fi\/wp-content\/uploads\/2025\/03\/7-206x300.jpg 206w\" sizes=\"auto, (max-width: 315px) 100vw, 315px\" \/><\/figure>\n\n\n\n<figure class=\"wp-block-image size-large\"><img loading=\"lazy\" decoding=\"async\" width=\"325\" height=\"454\" data-id=\"380\" src=\"https:\/\/katitaipalmaa.fi\/wp-content\/uploads\/2025\/03\/8.jpg\" alt=\"\" class=\"wp-image-380\" srcset=\"https:\/\/katitaipalmaa.fi\/wp-content\/uploads\/2025\/03\/8.jpg 325w, https:\/\/katitaipalmaa.fi\/wp-content\/uploads\/2025\/03\/8-215x300.jpg 215w\" sizes=\"auto, (max-width: 325px) 100vw, 325px\" \/><\/figure>\n\n\n\n<figure class=\"wp-block-image size-large\"><img loading=\"lazy\" decoding=\"async\" width=\"400\" height=\"452\" data-id=\"382\" src=\"https:\/\/katitaipalmaa.fi\/wp-content\/uploads\/2025\/03\/9.jpg\" alt=\"\" class=\"wp-image-382\" srcset=\"https:\/\/katitaipalmaa.fi\/wp-content\/uploads\/2025\/03\/9.jpg 400w, https:\/\/katitaipalmaa.fi\/wp-content\/uploads\/2025\/03\/9-265x300.jpg 265w\" sizes=\"auto, (max-width: 400px) 100vw, 400px\" \/><\/figure>\n<\/figure>\n\n\n\n<div class=\"wp-block-columns is-layout-flex wp-container-core-columns-is-layout-28f84493 wp-block-columns-is-layout-flex\">\n<div class=\"wp-block-column is-layout-flow wp-block-column-is-layout-flow\">\n<div class=\"wp-block-columns is-layout-flex wp-container-core-columns-is-layout-28f84493 wp-block-columns-is-layout-flex\">\n<div class=\"wp-block-column is-layout-flow wp-block-column-is-layout-flow\"><\/div>\n<\/div>\n<\/div>\n<\/div>\n\n\n\n<hr class=\"wp-block-separator has-alpha-channel-opacity\"\/>\n\n\n\n<h3 class=\"wp-block-heading\"><mark style=\"background-color:rgba(0, 0, 0, 0)\" class=\"has-inline-color has-primary-color\">Taidegrafiikka<\/mark><\/h3>\n\n\n\n<div class=\"wp-block-columns is-layout-flex wp-container-core-columns-is-layout-28f84493 wp-block-columns-is-layout-flex\">\n<div class=\"wp-block-column is-layout-flow wp-block-column-is-layout-flow\">\n<figure class=\"wp-block-image size-full\"><img loading=\"lazy\" decoding=\"async\" width=\"431\" height=\"612\" src=\"https:\/\/katitaipalmaa.fi\/wp-content\/uploads\/2025\/03\/3.jpg\" alt=\"\" class=\"wp-image-386\" srcset=\"https:\/\/katitaipalmaa.fi\/wp-content\/uploads\/2025\/03\/3.jpg 431w, https:\/\/katitaipalmaa.fi\/wp-content\/uploads\/2025\/03\/3-211x300.jpg 211w\" sizes=\"auto, (max-width: 431px) 100vw, 431px\" \/><\/figure>\n<\/div>\n\n\n\n<div class=\"wp-block-column is-layout-flow wp-block-column-is-layout-flow\">\n<figure class=\"wp-block-image size-full\"><img loading=\"lazy\" decoding=\"async\" width=\"595\" height=\"842\" src=\"https:\/\/katitaipalmaa.fi\/wp-content\/uploads\/2025\/03\/tumma-nainen-60s.jpg\" alt=\"\" class=\"wp-image-418\" srcset=\"https:\/\/katitaipalmaa.fi\/wp-content\/uploads\/2025\/03\/tumma-nainen-60s.jpg 595w, https:\/\/katitaipalmaa.fi\/wp-content\/uploads\/2025\/03\/tumma-nainen-60s-212x300.jpg 212w\" sizes=\"auto, (max-width: 595px) 100vw, 595px\" \/><\/figure>\n<\/div>\n\n\n\n<div class=\"wp-block-column is-layout-flow wp-block-column-is-layout-flow\">\n<figure class=\"wp-block-image size-full\"><img loading=\"lazy\" decoding=\"async\" width=\"439\" height=\"610\" src=\"https:\/\/katitaipalmaa.fi\/wp-content\/uploads\/2025\/03\/2.jpg\" alt=\"\" class=\"wp-image-385\" srcset=\"https:\/\/katitaipalmaa.fi\/wp-content\/uploads\/2025\/03\/2.jpg 439w, https:\/\/katitaipalmaa.fi\/wp-content\/uploads\/2025\/03\/2-216x300.jpg 216w\" sizes=\"auto, (max-width: 439px) 100vw, 439px\" \/><\/figure>\n<\/div>\n<\/div>\n\n\n\n<div class=\"wp-block-columns is-layout-flex wp-container-core-columns-is-layout-28f84493 wp-block-columns-is-layout-flex\">\n<div class=\"wp-block-column is-layout-flow wp-block-column-is-layout-flow\"><\/div>\n<\/div>\n\n\n\n<hr class=\"wp-block-separator has-alpha-channel-opacity\"\/>\n\n\n\n<h3 class=\"wp-block-heading\"><mark style=\"background-color:rgba(0, 0, 0, 0)\" class=\"has-inline-color has-primary-color\">Roosanauha<\/mark><\/h3>\n\n\n\n<div class=\"wp-block-columns is-layout-flex wp-container-core-columns-is-layout-28f84493 wp-block-columns-is-layout-flex\">\n<div class=\"wp-block-column is-layout-flow wp-block-column-is-layout-flow\">\n<figure class=\"wp-block-image size-full\"><img loading=\"lazy\" decoding=\"async\" width=\"457\" height=\"647\" src=\"https:\/\/katitaipalmaa.fi\/wp-content\/uploads\/2025\/03\/14.jpg\" alt=\"\" class=\"wp-image-389\" srcset=\"https:\/\/katitaipalmaa.fi\/wp-content\/uploads\/2025\/03\/14.jpg 457w, https:\/\/katitaipalmaa.fi\/wp-content\/uploads\/2025\/03\/14-212x300.jpg 212w\" sizes=\"auto, (max-width: 457px) 100vw, 457px\" \/><\/figure>\n<\/div>\n\n\n\n<div class=\"wp-block-column is-layout-flow wp-block-column-is-layout-flow\">\n<figure class=\"wp-block-image size-full\"><img loading=\"lazy\" decoding=\"async\" width=\"446\" height=\"620\" src=\"https:\/\/katitaipalmaa.fi\/wp-content\/uploads\/2025\/03\/12.jpg\" alt=\"\" class=\"wp-image-388\" srcset=\"https:\/\/katitaipalmaa.fi\/wp-content\/uploads\/2025\/03\/12.jpg 446w, https:\/\/katitaipalmaa.fi\/wp-content\/uploads\/2025\/03\/12-216x300.jpg 216w\" sizes=\"auto, (max-width: 446px) 100vw, 446px\" \/><\/figure>\n<\/div>\n\n\n\n<div class=\"wp-block-column is-layout-flow wp-block-column-is-layout-flow\">\n<figure class=\"wp-block-image size-full\"><img loading=\"lazy\" decoding=\"async\" width=\"464\" height=\"617\" src=\"https:\/\/katitaipalmaa.fi\/wp-content\/uploads\/2025\/03\/11.jpg\" alt=\"\" class=\"wp-image-390\" srcset=\"https:\/\/katitaipalmaa.fi\/wp-content\/uploads\/2025\/03\/11.jpg 464w, https:\/\/katitaipalmaa.fi\/wp-content\/uploads\/2025\/03\/11-226x300.jpg 226w\" sizes=\"auto, (max-width: 464px) 100vw, 464px\" \/><\/figure>\n<\/div>\n<\/div>\n\n\n\n<div class=\"wp-block-columns is-layout-flex wp-container-core-columns-is-layout-28f84493 wp-block-columns-is-layout-flex\">\n<div class=\"wp-block-column is-layout-flow wp-block-column-is-layout-flow\"><\/div>\n<\/div>\n\n\n\n<hr class=\"wp-block-separator has-alpha-channel-opacity\"\/>\n\n\n\n<h3 class=\"wp-block-heading\"><mark style=\"background-color:rgba(0, 0, 0, 0)\" class=\"has-inline-color has-primary-color\">Allover printtej\u00e4<\/mark><\/h3>\n\n\n\n<div class=\"wp-block-columns is-layout-flex wp-container-core-columns-is-layout-28f84493 wp-block-columns-is-layout-flex\">\n<div class=\"wp-block-column is-layout-flow wp-block-column-is-layout-flow\">\n<figure class=\"wp-block-image size-full\"><img loading=\"lazy\" decoding=\"async\" width=\"356\" height=\"483\" src=\"https:\/\/katitaipalmaa.fi\/wp-content\/uploads\/2025\/03\/18.jpg\" alt=\"\" class=\"wp-image-403\" srcset=\"https:\/\/katitaipalmaa.fi\/wp-content\/uploads\/2025\/03\/18.jpg 356w, https:\/\/katitaipalmaa.fi\/wp-content\/uploads\/2025\/03\/18-221x300.jpg 221w\" sizes=\"auto, (max-width: 356px) 100vw, 356px\" \/><\/figure>\n<\/div>\n\n\n\n<div class=\"wp-block-column is-layout-flow wp-block-column-is-layout-flow\">\n<figure class=\"wp-block-image size-full\"><img loading=\"lazy\" decoding=\"async\" width=\"562\" height=\"629\" src=\"https:\/\/katitaipalmaa.fi\/wp-content\/uploads\/2025\/03\/17.jpg\" alt=\"\" class=\"wp-image-402\" srcset=\"https:\/\/katitaipalmaa.fi\/wp-content\/uploads\/2025\/03\/17.jpg 562w, https:\/\/katitaipalmaa.fi\/wp-content\/uploads\/2025\/03\/17-268x300.jpg 268w\" sizes=\"auto, (max-width: 562px) 100vw, 562px\" \/><\/figure>\n<\/div>\n\n\n\n<div class=\"wp-block-column is-layout-flow wp-block-column-is-layout-flow\">\n<figure class=\"wp-block-image size-full\"><img loading=\"lazy\" decoding=\"async\" width=\"455\" height=\"630\" src=\"https:\/\/katitaipalmaa.fi\/wp-content\/uploads\/2025\/03\/19.jpg\" alt=\"\" class=\"wp-image-404\" srcset=\"https:\/\/katitaipalmaa.fi\/wp-content\/uploads\/2025\/03\/19.jpg 455w, https:\/\/katitaipalmaa.fi\/wp-content\/uploads\/2025\/03\/19-217x300.jpg 217w\" sizes=\"auto, (max-width: 455px) 100vw, 455px\" \/><\/figure>\n<\/div>\n<\/div>\n\n\n\n<div class=\"wp-block-columns is-layout-flex wp-container-core-columns-is-layout-28f84493 wp-block-columns-is-layout-flex\">\n<div class=\"wp-block-column is-layout-flow wp-block-column-is-layout-flow\"><\/div>\n<\/div>\n\n\n\n<hr class=\"wp-block-separator has-alpha-channel-opacity\"\/>\n\n\n\n<h3 class=\"wp-block-heading\"><mark style=\"background-color:rgba(0, 0, 0, 0)\" class=\"has-inline-color has-primary-color\">Korttikuvituksia<\/mark><\/h3>\n\n\n\n<div class=\"wp-block-columns is-layout-flex wp-container-core-columns-is-layout-28f84493 wp-block-columns-is-layout-flex\">\n<div class=\"wp-block-column is-layout-flow wp-block-column-is-layout-flow\">\n<figure class=\"wp-block-image size-full\"><img loading=\"lazy\" decoding=\"async\" width=\"511\" height=\"646\" src=\"https:\/\/katitaipalmaa.fi\/wp-content\/uploads\/2025\/03\/21.jpg\" alt=\"\" class=\"wp-image-405\" srcset=\"https:\/\/katitaipalmaa.fi\/wp-content\/uploads\/2025\/03\/21.jpg 511w, https:\/\/katitaipalmaa.fi\/wp-content\/uploads\/2025\/03\/21-237x300.jpg 237w\" sizes=\"auto, (max-width: 511px) 100vw, 511px\" \/><\/figure>\n<\/div>\n\n\n\n<div class=\"wp-block-column is-layout-flow wp-block-column-is-layout-flow\">\n<figure class=\"wp-block-image size-full\"><img loading=\"lazy\" decoding=\"async\" width=\"506\" height=\"623\" src=\"https:\/\/katitaipalmaa.fi\/wp-content\/uploads\/2025\/03\/20.jpg\" alt=\"\" class=\"wp-image-406\" srcset=\"https:\/\/katitaipalmaa.fi\/wp-content\/uploads\/2025\/03\/20.jpg 506w, https:\/\/katitaipalmaa.fi\/wp-content\/uploads\/2025\/03\/20-244x300.jpg 244w\" sizes=\"auto, (max-width: 506px) 100vw, 506px\" \/><\/figure>\n<\/div>\n\n\n\n<div class=\"wp-block-column is-layout-flow wp-block-column-is-layout-flow\">\n<figure class=\"wp-block-image size-full\"><img loading=\"lazy\" decoding=\"async\" width=\"479\" height=\"605\" src=\"https:\/\/katitaipalmaa.fi\/wp-content\/uploads\/2025\/03\/23.jpg\" alt=\"\" class=\"wp-image-407\" srcset=\"https:\/\/katitaipalmaa.fi\/wp-content\/uploads\/2025\/03\/23.jpg 479w, https:\/\/katitaipalmaa.fi\/wp-content\/uploads\/2025\/03\/23-238x300.jpg 238w\" sizes=\"auto, (max-width: 479px) 100vw, 479px\" \/><\/figure>\n<\/div>\n<\/div>\n\n\n\n<div class=\"wp-block-columns is-layout-flex wp-container-core-columns-is-layout-28f84493 wp-block-columns-is-layout-flex\">\n<div class=\"wp-block-column is-layout-flow wp-block-column-is-layout-flow\"><\/div>\n<\/div>\n\n\n\n<hr class=\"wp-block-separator has-alpha-channel-opacity\"\/>\n\n\n\n<h3 class=\"wp-block-heading\"><mark style=\"background-color:rgba(0, 0, 0, 0)\" class=\"has-inline-color has-primary-color\">Skeittitaide<\/mark><\/h3>\n\n\n\n<div class=\"wp-block-columns is-layout-flex wp-container-core-columns-is-layout-28f84493 wp-block-columns-is-layout-flex\">\n<div class=\"wp-block-column is-layout-flow wp-block-column-is-layout-flow\">\n<figure class=\"wp-block-image size-large\"><img loading=\"lazy\" decoding=\"async\" width=\"830\" height=\"1024\" src=\"https:\/\/katitaipalmaa.fi\/wp-content\/uploads\/2025\/10\/1000020206-830x1024.jpg\" alt=\"\" class=\"wp-image-530\" srcset=\"https:\/\/katitaipalmaa.fi\/wp-content\/uploads\/2025\/10\/1000020206-830x1024.jpg 830w, https:\/\/katitaipalmaa.fi\/wp-content\/uploads\/2025\/10\/1000020206-243x300.jpg 243w, https:\/\/katitaipalmaa.fi\/wp-content\/uploads\/2025\/10\/1000020206-768x947.jpg 768w, https:\/\/katitaipalmaa.fi\/wp-content\/uploads\/2025\/10\/1000020206.jpg 1080w\" sizes=\"auto, (max-width: 830px) 100vw, 830px\" \/><\/figure>\n<\/div>\n\n\n\n<div class=\"wp-block-column is-layout-flow wp-block-column-is-layout-flow\">\n<figure class=\"wp-block-image size-large\"><img loading=\"lazy\" decoding=\"async\" width=\"874\" height=\"1024\" src=\"https:\/\/katitaipalmaa.fi\/wp-content\/uploads\/2025\/10\/1000020203-874x1024.jpg\" alt=\"\" class=\"wp-image-531\" srcset=\"https:\/\/katitaipalmaa.fi\/wp-content\/uploads\/2025\/10\/1000020203-874x1024.jpg 874w, https:\/\/katitaipalmaa.fi\/wp-content\/uploads\/2025\/10\/1000020203-256x300.jpg 256w, https:\/\/katitaipalmaa.fi\/wp-content\/uploads\/2025\/10\/1000020203-768x900.jpg 768w, https:\/\/katitaipalmaa.fi\/wp-content\/uploads\/2025\/10\/1000020203.jpg 1080w\" sizes=\"auto, (max-width: 874px) 100vw, 874px\" \/><\/figure>\n<\/div>\n\n\n\n<div class=\"wp-block-column is-layout-flow wp-block-column-is-layout-flow\">\n<figure class=\"wp-block-image size-large\"><img loading=\"lazy\" decoding=\"async\" width=\"819\" height=\"1024\" src=\"https:\/\/katitaipalmaa.fi\/wp-content\/uploads\/2025\/10\/1000020207-819x1024.jpg\" alt=\"\" class=\"wp-image-532\" srcset=\"https:\/\/katitaipalmaa.fi\/wp-content\/uploads\/2025\/10\/1000020207-819x1024.jpg 819w, https:\/\/katitaipalmaa.fi\/wp-content\/uploads\/2025\/10\/1000020207-240x300.jpg 240w, https:\/\/katitaipalmaa.fi\/wp-content\/uploads\/2025\/10\/1000020207-768x960.jpg 768w, https:\/\/katitaipalmaa.fi\/wp-content\/uploads\/2025\/10\/1000020207.jpg 1080w\" sizes=\"auto, (max-width: 819px) 100vw, 819px\" \/><\/figure>\n<\/div>\n<\/div>\n\n\n\n<div class=\"wp-block-columns is-layout-flex wp-container-core-columns-is-layout-28f84493 wp-block-columns-is-layout-flex\">\n<div class=\"wp-block-column is-layout-flow wp-block-column-is-layout-flow\" style=\"flex-basis:66.66%\"><\/div>\n\n\n\n<div class=\"wp-block-column is-layout-flow wp-block-column-is-layout-flow\" style=\"flex-basis:33.33%\"><\/div>\n\n\n\n<div class=\"wp-block-column is-layout-flow wp-block-column-is-layout-flow\"><\/div>\n<\/div>\n\n\n\n<hr class=\"wp-block-separator has-alpha-channel-opacity\"\/>\n\n\n\n<h3 class=\"wp-block-heading\"><mark style=\"background-color:rgba(0, 0, 0, 0)\" class=\"has-inline-color has-primary-color\">Inspiraationa ikonit<\/mark><\/h3>\n\n\n\n<div class=\"wp-block-columns is-layout-flex wp-container-core-columns-is-layout-28f84493 wp-block-columns-is-layout-flex\">\n<div class=\"wp-block-column is-layout-flow wp-block-column-is-layout-flow\">\n<figure class=\"wp-block-image size-large\"><img loading=\"lazy\" decoding=\"async\" width=\"845\" height=\"1024\" src=\"https:\/\/katitaipalmaa.fi\/wp-content\/uploads\/2025\/10\/1000020201-845x1024.jpg\" alt=\"\" class=\"wp-image-533\" srcset=\"https:\/\/katitaipalmaa.fi\/wp-content\/uploads\/2025\/10\/1000020201-845x1024.jpg 845w, https:\/\/katitaipalmaa.fi\/wp-content\/uploads\/2025\/10\/1000020201-248x300.jpg 248w, https:\/\/katitaipalmaa.fi\/wp-content\/uploads\/2025\/10\/1000020201-768x931.jpg 768w, https:\/\/katitaipalmaa.fi\/wp-content\/uploads\/2025\/10\/1000020201.jpg 1080w\" sizes=\"auto, (max-width: 845px) 100vw, 845px\" \/><\/figure>\n<\/div>\n\n\n\n<div class=\"wp-block-column is-layout-flow wp-block-column-is-layout-flow\">\n<figure class=\"wp-block-image size-large\"><img loading=\"lazy\" decoding=\"async\" width=\"832\" height=\"1024\" src=\"https:\/\/katitaipalmaa.fi\/wp-content\/uploads\/2025\/10\/1000020208-832x1024.jpg\" alt=\"\" class=\"wp-image-535\" srcset=\"https:\/\/katitaipalmaa.fi\/wp-content\/uploads\/2025\/10\/1000020208-832x1024.jpg 832w, https:\/\/katitaipalmaa.fi\/wp-content\/uploads\/2025\/10\/1000020208-244x300.jpg 244w, https:\/\/katitaipalmaa.fi\/wp-content\/uploads\/2025\/10\/1000020208-768x946.jpg 768w, https:\/\/katitaipalmaa.fi\/wp-content\/uploads\/2025\/10\/1000020208.jpg 1080w\" sizes=\"auto, (max-width: 832px) 100vw, 832px\" \/><\/figure>\n<\/div>\n\n\n\n<div class=\"wp-block-column is-layout-flow wp-block-column-is-layout-flow\">\n<figure class=\"wp-block-image size-large\"><img loading=\"lazy\" decoding=\"async\" width=\"854\" height=\"1024\" src=\"https:\/\/katitaipalmaa.fi\/wp-content\/uploads\/2025\/10\/1000020202-854x1024.jpg\" alt=\"\" class=\"wp-image-534\" srcset=\"https:\/\/katitaipalmaa.fi\/wp-content\/uploads\/2025\/10\/1000020202-854x1024.jpg 854w, https:\/\/katitaipalmaa.fi\/wp-content\/uploads\/2025\/10\/1000020202-250x300.jpg 250w, https:\/\/katitaipalmaa.fi\/wp-content\/uploads\/2025\/10\/1000020202-768x921.jpg 768w, https:\/\/katitaipalmaa.fi\/wp-content\/uploads\/2025\/10\/1000020202.jpg 1080w\" sizes=\"auto, (max-width: 854px) 100vw, 854px\" \/><\/figure>\n<\/div>\n<\/div>\n\n\n\n<div class=\"wp-block-columns is-layout-flex wp-container-core-columns-is-layout-28f84493 wp-block-columns-is-layout-flex\">\n<div class=\"wp-block-column is-layout-flow wp-block-column-is-layout-flow\"><\/div>\n<\/div>\n\n\n\n<hr class=\"wp-block-separator has-alpha-channel-opacity\"\/>\n\n\n\n<h3 class=\"wp-block-heading\"><mark style=\"background-color:rgba(0, 0, 0, 0)\" class=\"has-inline-color has-primary-color\">Spaymaalaus<\/mark><\/h3>\n\n\n\n<div class=\"wp-block-columns is-layout-flex wp-container-core-columns-is-layout-28f84493 wp-block-columns-is-layout-flex\">\n<div class=\"wp-block-column is-layout-flow wp-block-column-is-layout-flow\"><\/div>\n\n\n\n<div class=\"wp-block-column is-layout-flow wp-block-column-is-layout-flow\"><\/div>\n<\/div>\n\n\n\n<div class=\"wp-block-columns is-layout-flex wp-container-core-columns-is-layout-28f84493 wp-block-columns-is-layout-flex\">\n<div class=\"wp-block-column is-layout-flow wp-block-column-is-layout-flow\">\n<figure class=\"wp-block-image size-large\"><img loading=\"lazy\" decoding=\"async\" width=\"827\" height=\"1024\" src=\"https:\/\/katitaipalmaa.fi\/wp-content\/uploads\/2025\/10\/1000020209-827x1024.jpg\" alt=\"\" class=\"wp-image-537\" srcset=\"https:\/\/katitaipalmaa.fi\/wp-content\/uploads\/2025\/10\/1000020209-827x1024.jpg 827w, https:\/\/katitaipalmaa.fi\/wp-content\/uploads\/2025\/10\/1000020209-242x300.jpg 242w, https:\/\/katitaipalmaa.fi\/wp-content\/uploads\/2025\/10\/1000020209-768x951.jpg 768w, https:\/\/katitaipalmaa.fi\/wp-content\/uploads\/2025\/10\/1000020209.jpg 1003w\" sizes=\"auto, (max-width: 827px) 100vw, 827px\" \/><\/figure>\n<\/div>\n\n\n\n<div class=\"wp-block-column is-layout-flow wp-block-column-is-layout-flow\">\n<figure class=\"wp-block-image size-large is-resized\"><img loading=\"lazy\" decoding=\"async\" width=\"778\" height=\"1024\" src=\"https:\/\/katitaipalmaa.fi\/wp-content\/uploads\/2025\/10\/1000020210-778x1024.jpg\" alt=\"\" class=\"wp-image-538\" style=\"width:346px;height:auto\" srcset=\"https:\/\/katitaipalmaa.fi\/wp-content\/uploads\/2025\/10\/1000020210-778x1024.jpg 778w, https:\/\/katitaipalmaa.fi\/wp-content\/uploads\/2025\/10\/1000020210-228x300.jpg 228w, https:\/\/katitaipalmaa.fi\/wp-content\/uploads\/2025\/10\/1000020210-768x1011.jpg 768w, https:\/\/katitaipalmaa.fi\/wp-content\/uploads\/2025\/10\/1000020210-1166x1536.jpg 1166w, https:\/\/katitaipalmaa.fi\/wp-content\/uploads\/2025\/10\/1000020210-1555x2048.jpg 1555w, https:\/\/katitaipalmaa.fi\/wp-content\/uploads\/2025\/10\/1000020210-scaled.jpg 1944w\" sizes=\"auto, (max-width: 778px) 100vw, 778px\" \/><\/figure>\n<\/div>\n<\/div>\n\n\n\n<div class=\"wp-block-columns is-layout-flex wp-container-core-columns-is-layout-28f84493 wp-block-columns-is-layout-flex\">\n<div class=\"wp-block-column is-layout-flow wp-block-column-is-layout-flow\"><\/div>\n<\/div>\n\n\n\n<hr class=\"wp-block-separator has-alpha-channel-opacity\"\/>\n\n\n\n<div class=\"wp-block-columns is-layout-flex wp-container-core-columns-is-layout-28f84493 wp-block-columns-is-layout-flex\">\n<div class=\"wp-block-column is-layout-flow wp-block-column-is-layout-flow\"><\/div>\n<\/div>\n\n\n\n<div class=\"wp-block-buttons is-content-justification-center is-layout-flex wp-container-core-buttons-is-layout-a89b3969 wp-block-buttons-is-layout-flex\">\n<div class=\"wp-block-button\"><a class=\"wp-block-button__link wp-element-button\" href=\"https:\/\/katitaipalmaa.fi\/\">Takaisin etusivulle<\/a><\/div>\n<\/div>\n\n\n\n<p><\/p>\n\n\n\n<p><\/p>\n","protected":false},"excerpt":{"rendered":"<p>K\u00e4ytt\u00f6liittym\u00e4suunnittelun lis\u00e4ksi muu graafinen ty\u00f6 on monipuolista. Kuten esimerkiksi kuvittaminen, printtisuunnittelu ja tuotesuunnittelu. Olen suunnitellut kuvituksia ja printtej\u00e4 niin julisteisiin, kortteihin, v\u00e4rityskirjoihin, mainosmateriaaliin, vaatteisiin kuin my\u00f6s esimerkiksi joulukalenteriin. N\u00e4iden lis\u00e4ksi rakastan tehd\u00e4 taidetta, niin digitaalisesti kuin perinteisemm\u00e4ll\u00e4 tavalla Taiden\u00e4yttelyit\u00e4: Muotoilun AMK ja muotoilun YAMK lis\u00e4ksi olen k\u00e4ynyt mm. seuraavia taidekursseja: Alla esimerkkej\u00e4 t\u00f6ist\u00e4ni: V\u00e4rityskirja Taidegrafiikka [&hellip;]<\/p>\n","protected":false},"author":1,"featured_media":0,"parent":0,"menu_order":0,"comment_status":"closed","ping_status":"closed","template":"","meta":{"footnotes":""},"class_list":["post-287","page","type-page","status-publish","hentry"],"_links":{"self":[{"href":"https:\/\/katitaipalmaa.fi\/index.php\/wp-json\/wp\/v2\/pages\/287","targetHints":{"allow":["GET"]}}],"collection":[{"href":"https:\/\/katitaipalmaa.fi\/index.php\/wp-json\/wp\/v2\/pages"}],"about":[{"href":"https:\/\/katitaipalmaa.fi\/index.php\/wp-json\/wp\/v2\/types\/page"}],"author":[{"embeddable":true,"href":"https:\/\/katitaipalmaa.fi\/index.php\/wp-json\/wp\/v2\/users\/1"}],"replies":[{"embeddable":true,"href":"https:\/\/katitaipalmaa.fi\/index.php\/wp-json\/wp\/v2\/comments?post=287"}],"version-history":[{"count":20,"href":"https:\/\/katitaipalmaa.fi\/index.php\/wp-json\/wp\/v2\/pages\/287\/revisions"}],"predecessor-version":[{"id":542,"href":"https:\/\/katitaipalmaa.fi\/index.php\/wp-json\/wp\/v2\/pages\/287\/revisions\/542"}],"wp:attachment":[{"href":"https:\/\/katitaipalmaa.fi\/index.php\/wp-json\/wp\/v2\/media?parent=287"}],"curies":[{"name":"wp","href":"https:\/\/api.w.org\/{rel}","templated":true}]}}